 is v(m)?
4
Let x be 12/54 - (-264)/27. Let a(z) = -6*z**2 - 3*z - 6 + 17*z**2 - x*z**2. Determine a(5).
4
Let o be 1/(-3)*(-17)/(221/78). Let d(k) be the second derivative of 1/12*k**4 + k + 0 + 5/2*k**o + k**3. Determine d(-6).
5
Let s(x) = 2*x**3 + 2*x**2 - 2*x - 2. Let y be (28/(-8))/(-7)*-4. Let z be s(y). Let q(k) = k**3 + 5*k**2 - 4*k + 6. Calculate q(z).
-6
Suppose -2*s - 8 = 5*d + 37, -s = 2*d + 19. Let x(b) = -5*b**2 + 10*b - 8. Let w(p) = 2*p**2 - 5*p + 4. Let c(l) = d*w(l) - 3*x(l). Calculate c(-6).
2
Suppose 0 = -78*q + 61*q + 68. Let u(g) = g. Give u(q).
4
Let p = -11 + 14. Let s be 12/6*p/1. Let n(c) = -c**2 + c + 1 - s + 2*c**2. Determine n(0).
-5
Let t(z) = -12*z**2 + 7*z - 6. Let j(c) be the first derivative of -c**2/2 + c - 37. Let r(p) = -6*j(p) - t(p). Give r(1).
11
Let k(f) = 2*f + 1. Suppose 3*l - 5*z - 31 = -9*z, 0 = -3*l + z + 11. Calculate k(l).
11
Suppose -9 - 91 = -50*y. Let w(u) = -3*u**2 + 3*u - 3. Give w(y).
-9
Let f(k) be the second derivative of -k**3/3 + 11*k**2/2 + 359*k. Calculate f(8).
-5
Let r = 12 - 5. Suppose 5*s + 2 - r = 0. Let l(g) = -3*g + 5*g + g**3 + s - 3*g**2 - 2*g**2. Calculate l(4).
-7
Let f(p) = -p**3 - 10*p**2 - 17*p + 1. Let k = -2701 - -2694. Calculate f(k).
-27
Suppose 0 = -4*b + 2*b - 4*u + 18, 0 = 2*b + 2*u - 12. Let r(j) = 85*j - 177*j + b - j**2 + 87*j. Calculate r(-6).
-3
Let q(c) be the second derivative of -7*c**3/6 - c**2/2 + 5*c. Let o be (-16)/(-88) + (-9)/(-11). Give q(o).
-8
Let y(m) be the second derivative of 4*m**3 - 11*m. What is y(-1)?
-24
Let u(w) = -w**2 + 3*w + 7. Let y be u(4). Suppose -y*g = g - 20. Let d be (-16)/(-48) + g/3. Let f(q) = 3*q - 2. Determine f(d).
4
Let s(d) = -160*d - 85. Let u(c) = -9*c - 5. Let f(i) = -2*s(i) + 35*u(i). Give f(-3).
-20
Let l(a) = -a + 1 + 0*a + 39 - 21 - 3*a. Determine l(6).
-5
Suppose 11*j - j = 150. Suppose -20 = -j*c + 5*c. Let u(q) = 16*q + 2. Let l(p) = p. Let a(f) = -12*l(f) + u(f). Determine a(c).
10
Let x(c) = -3*c - 3. Let r(s) = 1. Let m(p) = 2*r(p) + x(p). Suppose 3*l - 51 = -b, 3*b - 2*l = 2*b + 26. Let k be 28/b - (-4)/18. Give m(k).
-4
Suppose 0 = 3*d - 2*v - 0*v - 11, 2*v = -4*d + 10. Let i(j) = -3*j + 1. Determine i(d).
-8
Let p(v) be the first derivative of v**2/2 + 153. Give p(-6).
-6
Let b(h) = -2*h**2 - 21*h - 21. Let x(p) = -p**2 - 10*p - 10. Let o(i) = -2*b(i) + 5*x(i). Suppose -g + 94 = -5*f + 3*g, -16 = 4*g. Let c = f - -16. Give o(c).
4
Suppose 5*s - 64 + 24 = 0. Let u(m) = 16*m - m**2 - 23*m - s + 1. What is u(-6)?
-1
Let n(o) = -3*o**3 - 2*o + 1. Let b be 4/6 - 130/15. Let m = -12 - b. Let p(v) = -v**3 - v. Let s(g) = m*p(g) + n(g). Calculate s(-1).
-2
Suppose -3 = -2*l + 3*c + 1, -8 = -4*l - c. Suppose 0 = -5*q + 12 - l. Let j(n) = -2*n - 2. What is j(q)?
-6
Let t(m) = -m**2 - 4*m - 7*m - 6 + 2*m. Suppose 13*r = -2768 + 2677. Determine t(r).
8
Let f(i) = i**3 + i**2 - i - 2. Suppose -j - w - 3 = 0, j = -2*w - w - 5. Calculate f(j).
-4
Let j(p) be the second derivative of p**3/6 - 2*p**2 - p. Let l(v) = v**2 - 7*v + 13. Let c be l(7). Suppose -c*g + 16*g - 18 = 0. What is j(g)?
2
Let s = -826 - -827. Let x(f) = -f - 1. Calculate x(s).
-2
Let v be 4/(-5)*25/(-2). Let s(r) = -6*r + 6 + v*r + 2*r. Calculate s(-4).
-18
Let l(b) = 3*b - 4*b + 86 - 73 - b**2. Let r = 0 - 0. Suppose 3*d - 2*j + 2 = -3*j, 2*d + 3*j + 6 = r. What is l(d)?
13
Let i(p) = -103*p - 31. Let q(h) = 118*h + 32. Let t(x) = 7*i(x) + 6*q(x). What is t(-3)?
14
Let o(y) = -y - 8. Let i be o(-10). Let z(a) = a - 7 + 4 + 3 + i. Suppose -2*n = u + 3*u + 4, 4 = n + 5*u. Calculate z(n).
-4
Suppose -5*k + 9 = -16. Let g(t) = -5*t + 8. Let y(p) = -3*p + 5. Let b(c) = k*g(c) - 8*y(c). Determine b(4).
-4
Let b(a) = -a + 12. Let h(i) = -3*i + 3. Let m be h(-1). Calculate b(m).
6
Let m(l) be the third derivative of -7*l**6/720 + l**5/120 + 11*l**4/24 - 9*l**2. Let g(s) be the second derivative of m(s). Determine g(-1).
8
Let m(t) be the first derivative of 3 + 1 - 143*t**2 + 144*t**2 + 11*t - 2. Determine m(-8).
-5
Let v(l) = -l**3 - 6*l**2 - 2*l - 7. Let s be v(-6). Let r(b) be the first derivative of -b**4/4 + 2*b**3 - 2*b**2 + 3*b - 521. What is r(s)?
8
Let t(z) = z**3 - 2*z**2 + 3*z. Let y be (15/(-10))/((-6)/172). Let h = 68 - y. Suppose 5*j + 5*n = h, 2*n - 12 = -3*j - 0*j. Calculate t(j).
6
Let c = -607/6 - -1217/12. Let u(a) be the first derivative of -12 + 6*a - 3*a**2 - 8/3*a**3 - c*a**4. Calculate u(-7).
-1
Let d(o) = o**2 + 6*o - 4. Let i be (203/(-42) - -6)*-6. Determine d(i).
3
Let o(k) be the third derivative of k**5/60 + k**4/4 - 3*k**3/2 - 442*k**2. What is o(-8)?
7
Let a(q) = 55 - q**2 - 119 + 52 + 7*q. What is a(5)?
-2
Let v(q) = -4*q - 1. Let r(c) = -21*c - 7. Let t(k) = r(k) - 5*v(k). Give t(-4).
2
Let x(u) = -3*u + 2. Let o(l) = -l - 14. Let q be o(-11). Let p = q + 1. Let s = p + 5. Determine x(s).
-7
Let j(k) = 2*k + 2. Let t be j(-3). Let d(s) be the first derivative of -s**4/4 - s**3 + 2*s**2 - 5*s + 1. Calculate d(t).
-5
Let z(t) = 5*t + 7. Suppose -27*p - 72 = 90. Calculate z(p).
-23
Let m(k) = 11*k**2 - 17*k + 1. Let n(u) = -5*u**2 + 8*u - 1. Let g(d) = -6*m(d) - 13*n(d). Let p = 10 - 16. Let i = p + 1. Determine g(i).
-8
Let s(d) = 19*d**2 + 41*d + 84. Let p(v) = 12*v**2 + 28*v + 57. Let t(b) = -8*p(b) + 5*s(b). What is t(-17)?
-2
Let s(b) be the first derivative of b**5/30 - 3*b**4/8 + b**3/2 + 7*b**2/2 + 6. Let l(m) be the second derivative of s(m). What is l(6)?
21
Suppose 0*i = i + 6. Let s(v) be the third derivative of -v**6/120 - v**5/12 + v**4/3 + 7*v**3/6 + 2183*v**2. Determine s(i).
-5
Let h be 1/2*(-12 - -22). Let o = 8 - h. Let v(d) = -6*d + 3 + 5*d + o. What is v(7)?
-1
Let j(d) = -9*d**3 + d**2 - d. Let w(c) = 7*c. Let z(y) = 20*y. Let l(g) = -14*w(g) + 5*z(g). Let n be l(-8). Let o = n + 17. Give j(o).
-9
Let m = -86 + 92. Suppose g + 0*g - m = 0. Let b(w) = w**3 - 6*w**2 + 2*w - 5. Determine b(g).
7
Let y(l) = l + 1. Let c be (-16)/40 + (-7)/(-5). Let g = -1 + c. Suppose 0 = 4*u + 16, w + 2*w - 2*u + 10 = g. Calculate y(w).
-5
Let d(g) be the second derivative of 5*g**3/6 - g**2 + 120*g. Give d(6).
28
Let m(x) = -2*x. Let k(l) = l + 1. Suppose 3*j - 7 = 4*g - 2*j, -2*g + j = 5. Let i(r) = g*m(r) - 4*k(r). What is i(-3)?
-10
Let q(a) = a**2 + 4*a - 7. Let c(o) = o**2 + o - 2. Let p(f) = -5*c(f) + q(f). What is p(2)?
-15
Suppose -10*j + 36 = -284. Suppose 31*u + 2 = j*u. Let l(m) = m**3 - 4*m**2 + 4*m - 3. Give l(u).
-3
Let f(t) = -t**3 - 6*t**2 + 3. Suppose 5*x = -44 + 134. Let v(q) = q**2 - 18*q - 6. Let c be v(x). What is f(c)?
3
Let j(s) = s**3 + 7*s**2 - 10*s + 3. Let o = 761 + -769. Give j(o).
19
Let x(w) = w**3 - 5*w**2 - 8*w + 8. Let z be ((-14)/3 - -4)*-3*2. Suppose -2*q + 15 = 3*p, -z*q + p - 4*p = -27. Determine x(q).
-4
Let k = -1916 + 1913. Let z = -3 - -4. Let q(x) = 2*x + x**2 - x**3 + 0 - 3*x**2 - z. Determine q(k).
2
Let v be 2/(-22) + (-9592)/968. Let b(r) = r**3 + 10*r**2 + 2*r + 16. Give b(v).
-4
Let i(o) be the second derivative of o**8/6720 + o**7/2520 - o**6/240 + o**5/30 + 29*o**4/12 - o. Let t(r) be the third derivative of i(r). Calculate t(-3).
-5
Let u(r) = -r**3 + 8*r**2 - 7*r - 9. Let m(p) = -8*p - 65. Let c be m(-9). Calculate u(c).
-9
Let q(t) = t**2 - 4*t - 4. Let n(a) = -2*a**2 + 22*a + 9. Let m be n(10). Let c = -26 + m. Calculate q(c).
-7
Let d(x) = -x**2 - 6*x + 2. Suppose -2*r + 0*k = -k - 11, r = 4*k + 16. Determine d(r).
-38
Suppose -v = -9*l + 4*l, -4*v - 5*l = 0. Suppose v = 3*b - c - 85, c - 6*c = -b + 19. Let k = b - 28. Let s(z) = 6*z. Give s(k).
6
Let j = -3 + 2. Let b(x) be the third derivative of -3*x**6/40 + x**5/60 - x**4/24 - x**3/6 + 37*x**2. Give b(j).
10
Let d(w) = -w**2 + 11*w - 20. Let m(b) = 8*b**2 - 15*b + 15. Let y be m(1). Determine d(y).
4
Let k(h) = 275 - 2*h**2 - h**3 + 277 + 277 - 827. Determine k(-2).
2
Let a(u) = -u**2 + 4*u - 1. Suppose 5*h = -3*k + 143, -3*h = k - 83 - 6. Suppose 4*z = 3*d + h, 3*z - 4*d - 18 - 14 = 0. What is a(z)?
-1
Let b = -30 + 58. Suppose r - 2*z = 6, -2*r - z - b = 3*z. Let m(o) = -o**3 - 2*o**2 + 6*o + 3. Calculate m(r).
11
Let x be (-1115)/25 + 2/(-5). Let p be x - -33 - 0/(2/(-1)). Let k(t) = t + 6. Calculate k(p).
-6
Let x(y) = 3. Let l(q) = 2*q + 2. Let j(i) = l(i) - 6*x(i). Give j(11).
6
Let b = -841 + 845. Let m